- 5 - 8)?
7
What is the value of 5 - (2 - (-3 + 3))?
3
Evaluate 16 - 13 - (-1 - (-2 - 0)).
2
What is 2 + 0 + 0 + -5?
-3
What is the value of 3 + -2 - (0 + -1)?
2
What is the value of 8 - (6 + -5) - 4?
3
What is 3 + 0 + 0 + 1?
4
Evaluate 9 - 12 - (1 - 0) - -2.
-2
What is 3 + (6 - -1 - 12)?
-2
What is the value of (-5 - -1) + (-3 - -10)?
3
Evaluate -4 - (-7 + 13 + 1 + -13).
2
What is 6 + -3 - (-6 - -12)?
-3
Evaluate -6 - (-5 + 3 + -1).
-3
Evaluate (3 - 4) + (3 - 4) - 1.
-3
0 - (5 + 3 + -5) - -2
-1
What is 6 + -1 + (24 - 38) + -1?
-10
Evaluate 1 + -2 + (-4 - (-3 + -1)).
-1
What is -2 + 0 + 2 + 5 + -2?
3
Calculate 3 - (-3 - -1 - -10).
-5
7 + -2 + (16 - 10) + -10
1
Calculate (-16 - -5 - -23) + -8.
4
Evaluate 9 + 0 + 12 + -20 + 7.
8
Calculate 19 + -12 + -1 + 0.
6
What is -9 + 5 + 2 + 4?
2
What is the value of (3 - 8) + -2 + (0 - -1)?
-6
What is -5 + ((2 - 2) + -6 - -5)?
-6
What is the value of (9 - 12) + (2 - 1) + 3?
1
What is the value of -8 + 2 + (4 - -3)?
1
7 - (16 - 13 - (-1 + 2))
5
Evaluate 14 + -9 + 0 + 0.
5
11 + -9 + (7 - 5)
4
Evaluate (-3 - -2) + (-9 - -11).
1
6 + -3 + -1 + -5 - 0
-3
Evaluate 1 + (0 + -2 - (19 - 18)).
-2
What is 5 + (-1 - 3) + 1?
2
Evaluate 5 + (5 - 7) - 0.
3
Calculate -36 + 36 - (1 + -9).
8
Evaluate (34 - 39) + 2 + 5 + -2.
0
(3 - 12 - (-1 - 2)) + 1
-5
Evaluate -13 - (15 + -23) - -6.
1
What is the value of -1 + 5 - (-8 - -8)?
4
Calculate 2 - (2 - (-3 - -2)).
-1
Evaluate (5 - 4) + -1 - -5.
5
6 + 5 + (-9 - -1)
3
Calculate -1 + (-2 - -7 - (-4 + 7)).
1
Evaluate ((-1 - 5) + 13 - 2) + -10.
-5
Evaluate (1 - 1) + -2 + 5.
3
-5 + 11 + 2 + -13
-5
What is the value of -5 + (2 - 0) - 3 - -6?
0
(-6 - (-1 + -4)) + (-2 - 0)
-3
What is the value of 4 + 1 + 0 + -4?
1
-50 - -45 - (-1 + 2)
-6
Calculate (8 - 5) + -4 + 1 - -2.
2
8 + -1 + 6 + -11
2
What is (4 - (5 - -3)) + (-5 - -5)?
-4
-298 - -287 - (0 + -15)
4
What is -9 - (10 + -5 - 20)?
6
What is -1 + 2 + (5 - 5)?
1
What is the value of -3 + -3 - (-10 + 0)?
4
(1 - 8) + 11 - 12
-8
Evaluate -1 + (-17 - -7) + 14.
3
Calculate 1 + -3 - (0 - 2 - 1).
1
Calculate 2 + 4 + -3 + 0 + 2.
5
(-3 - 2) + -3 + (-6 - -8)
-6
Calculate 1 - (10 - (2 + 3)).
-4
What is -3 + -10 + -1 + 1 + 6?
-7
What is 6 + 0 - (-20 + 29)?
-3
What is the value of 4 - (-1 + -4 - -4)?
5
Calculate 9 + -3 + -7 + 2.
1
Calculate 5 - (-1 + 2 + -1).
5
What is the value of 4 + -4 - -1 - (-7 + 2)?
6
-3 - ((-6 - (8 - -5)) + 7)
9
What is the value of -8 + 23 + -3 - (2 + 0)?
10
What is 0 - (-1 + 3 + -6)?
4
What is the value of -4 + (12 - (-2 + 5))?
5
What is the value of (17 - 17 - (-1 - -1)) + 4?
4
What is the value of 1 - (-2 + 7 - (-1 + 2))?
-3
Calculate -6 + (-2 - -2) + 4.
-2
What is (-12 - (-10 - -7)) + 3?
-6
0 + 5 - (10 + -10) - 2
3
What is the value of 39 + -35 - (1 + -3)?
6
What is the value of (-2 - ((-1 - 3) + 2)) + 3?
3
-1 + (10 - (-2 + 12))
-1
What is -3 + (3 - 10) + 8?
-2
What is (7 - 4) + (7 - 13)?
-3
What is -9 + 2 - (6 + -14)?
1
-210 - -189 - (0 + -12)
-9
-8 - (0 - 5) - 2
-5
What is the value of (-12 - 4) + 13 - -1?
-2
(6 - 1) + (-11 - -12) + -1
5
What is -8 + 0 + (8 - 4)?
-4
What is (3 - 22 - -9) + 3?
-7
Calculate 0 - -7 - (16 + -5 + 5).
-9
Calculate 2 + (6 - (2 + 14)) + 0.
-8
2 - 1 - (-36 + 36)
1
What is the value of 1 - (-3 - (-5 + 1))?
0
(-2 - 2) + 3 + 4
3
Evaluate -5 - ((-2 - 9) + 5).
1
What is 0 - (2 + 1) - (-25 - -26)?
-4
What is the value of (-3 - -4) + -1 + -3?
-3
Calculate (-4 - -3) + 6 - (4 + 0).
1
-1 + -4 + 1 + 4
0
(3 - (-18 - -11)) + -10
0
What is the value of (1 - -6) + -2 - -1 - 3?
3
What is -2 - (-8 + 2 + 5 + -4)?
3
Evaluate -1 - 2 - (5 + -6).
-2
What is the value of -16 + (-2 - -13) - (3 - 1)?
-7
Calculate 18 - 3 - (6 + 11 + -9).
7
5 + 3 + -5 - (-1 - -1)
3
What is the value of (0 - 2) + 0 + -10 + 9?
-3
Evaluate -1 + (4 - (3 + 4 - 2)).
-2
What is 3 - 2 - (-13 + (10 - 2))?
6
What is 0 + (-3 - (-5 + -1))?
3
What is the value of 6 - (0 + (4 - -2)) - -5?
5
What is the value of -5 + 1 + (103 - 95)?
4
-12 + -5 + (-3 - (-5 + -9))
-6
What is (12 - (15 + 8)) + 1?
-10
Evaluate 9 - 5 - (11 + -8).
1
(7 - 15) + -1 + 4
-5
What is -1 + (14 - 8) + -4?
1
Evaluate 0 + (0 - 0) + 1 + -4.
-3
5 - (-1 + (-1 - (-3 - 1)))
3
Calculate -3 - (10 - -1) - (3 + -9).
-8
(-14 - -13) + -2 + (1 - 2)
-4
Calculate (-4 - -5) + -3 - (0 + 3).
-5
Calculate 0 + (0 - (-3 + 7)).
-4
-3 + (-3 - (-5 - -2))
-3
Evaluate -11 + (-8 - 3 - -23).
1
1 + 1 + 4 + 19 + -17
8
Evaluate -4 + (-1 - -6) + 1.
2
-3 - (-1 - (-6 + 5))
-3
What is (8 - (3 - 1)) + (-72 - -67)?
1
What is 2 + (-1 - ((1 - 4) + 1))?
3
0 + -3 - (1 + -1)
-3
Calculate (-7 - (-6 + 4)) + 3.
-2
What is the value of 2 + -6 + 2 - -3?
1
6 + -2 + -1 - 2
1
Evaluate (-7 - -2) + (2 - (-6 - -2)).
1
Evaluate 1 + 7 + 6 + -12.
2
Evaluate (404 - 411) + (1 - (6 + -1)).
-11
-3 + (11 + -1 - (2 + 2))
3
What is the value of 1 + -1 + 0 + (-9 - -6)?
-3
What is (-13 - (9 - 22)) + -8?
-8
Calculate -3 + (5 - 5) + 5.
2
-9 - (-12 + 6 + -1)
-2
Evaluate -12 - (-13 - (-6 + 1)).
-4
-4 - ((-5 - -4) + 0 + -3)
0
Evaluate (1 - 1) + 4 + 17 + -17.
4
Calculate -12 - (-11 + 8 + -5).
-4
Calculate (1 - (-6 + 10)) + -1.
-4
What is -8 + (3 - 0) + 1?
-4
What is -2 + -2 - -1 - -3?
0
Calculate (-3 - -13) + 3 + (2 - 11).
4
-2 - (-7 + 1 - (29 + -34))
-1
Evaluate 5 - 1 - 5 - (1 + -2).
0
What is 12 + 1 + -14 + (37 - 31)?
5
(7 - 8) + -12 + 11
-2
Evaluate (9 - 13) + 11 - (-1 - -4).
4
Evaluate 0 + 1 + -6 + 2.
-3
Calculate 7 + -4 - 6 - -3.
0
Evaluate 4 + (-5 - (-2 + -2)).
3
76 + -67 + -3 + -1
5
55 + -51 - (2 + -3 + -1)
6
Calculate -1 + 1 + 6 + -9 + 7.
4
Calculate 6 - (-9 + 4 - (-9 - -3)).
5
Evaluate 1 - ((1 - 4) + -1 + 1).
4
Evaluate (5 - (4 - -3)) + -1 - 2.
-5
What is the value of 3 - (0 + 4) - -3?
2
What is the value of -8 + (1 + 0 - (0 - 2))?
-5
-3 + 6 + 2 + -1
4
9 - (2 + (7 - -1))
-1
Calculate 90 + -76 - (-1 + 7 + 0).
8
What is the value of -6 + (-2 - -1) + -2 - -1?
-8
What is -6 + (0 - (2 + -5)) - 5?
-8
-16 + (-2 - (9 - 20))
-7
(5 - (-2 - -5)) + 0 + -6
-4
-10 + 8 + (-10 - -5)
-7
What is the value of -26 - -34 - (2 + 0)?
6
What is (-10 - (2 + -9)) + 5?
2
Calculate -1 - (7 - (2 - 0)).
-6
Evaluate -25 + 26 + (4 + -4 - 1).
0
Calculate 4 - 3 - 4 - (3 - 5).
-1
Calculate 7 + (9 + -5 - 9).
2
What is the value of 4 - (-4 + (-5 - -9)) - -1?
5
(8 - 2) + -22 + 12
-4
What is the value of (0 - (0 - 3)) + -4?
-1
Calculate (2 + -10 - -4) + 4.
0
Evaluate 1 + -2 + 6 + -8.
-3
Evaluate -16 + (12 - 6) - -6.
-4
-1 - (7 - (-5 - (-1 - 5)))
-7
Calculate -5 + (1 + 6 - 1).
1
Calculate 0 + (-11 - -9 - (-3 + -1)).
2
What is 6 - (-14 + 13) - (-1 - 0)?
8
-4 - (-4 + -2 + 2)
0
Calculate (7 - 8) + -10 - -4.
-7
What is -5 + 3 + 1 - 1?
-2
1 - 1 - (-5 + -1 + 3)
3
-4 - -1 - 7 - -5
-5
What is the value of 3 + 1 + (14 - 17)?
1
7 + -1 - (39 + -31)
-2
14 - (16 + -6) - (1 - 1)
4
Calculate (-9 - (4 + -7)) + (2 - -4).
0
What is (4 - -2) + (-17 - -7)?
-4
What is the value of -7 - 1 - (4 - 8 - 1)?
-3
Calculate -8 + (-5 + 13 - 4 - -3).
-1
Calculate -2 + (-1 - -1 - 1 - 2).
-5
2 - (-4 + 3 + 0)
3
Calculate -3 - -1 - (-7 - (2 - 6)).
1
1 - (-6 - (-13 - -5))
-1
Calculate 12 + (-2 - 5) + 1.
6
Evaluate 2 + 6 + -2 + -41 + 34.
-1
What is the value of 0 + 9 + (7 + -4 - 6)?
6
What is -12 - -12 - (-8 + 0)?
8
Evaluate 12 + -12 + 0 + -3.
-3
Evaluate 0 + -9 - -7 - -10.
8
What is the value of 2 - (-2 - (-5 + -1))?
-2
(1 + -4 - 11) + -8 + 11
-11
Evaluate -15 + 21 - (5 + 2 + -2).
1
What is -2 - (6 - 9 - -6)?
-5
45 + -49 + (2 - (-4 + 2))
0
What is the value of (8 - (0 - -2)) + (5 - 2)?
9
Calculate 4 - 2 - -1 - 1.
2
Evaluate 2 + -13 + 15 + (-1 - 1).
2
Evaluate 3 - ((5 - 2) + 0) - 2.
-2
Calculate 3 + -11 + 15 + -10.
-3
What is 0 + -4 - (-5 - -3)?
-2
Evaluate (-1 - -2) + (-1 - -6 - 3).
3
What is 3 + (3 - 5) + 3 - 6?
-2
Evaluate -2 + (0 - -4) - (8 - 3).
-3
-1 + -4 - (-8 - -4)
-1
8 - 5 - (-1 + 4) - 5
-5
Evaluate 70 + -73 - (-5 + 2 + -1).
1
What is the value of 4 + (2 - 6) + 3 - 0?
3
2 + (13 - (6 - -18))
-9
Evaluate (-5 - (0 + -2)) + (3 - -1).
1
What is -4 - (-10 + 8 - 6)?
4
What is the value of 1 - -2 - (15 - (1 - -4))?
-7
Calculate 4 + -5 + -4 - -6.
1
Evaluate 2 - 5 - (0 + (-1 - -1)).
-3
7 - (6 + -7) - 11
-3
-8 - (-4 - 0 - (-3 - -15))
8
Calculate 1 + (-7 - -2) + 9.
5
Evaluate -1 + 2 + 3 + -9 + 10.
5
What is the value of -5 - (-2 + 3 + -3 + -5)?
2
-4 - -9 - 3 - (5 - 2)
-1
Calculate (-3 + 2 - -3 - 3) + -2.
-3
What is (0 - -